= -u*w, -4*w - 3*z - 24 = 0. What is x(w)?
13
Let w(y) = 19*y - 7 + 14 - 2*y - 10*y - 8*y. Calculate w(-1).
8
Let c(w) be the second derivative of -13*w**3/6 - 2*w**2 + 2720*w. What is c(-4)?
48
Suppose 4*g + 11 = -1. Let n be (-1 - (10 + -2))*g/(-9). Let h(f) = -4*f + 2*f - f**3 - 2*f**2 + 2 + 1. Determine h(n).
18
Let m(x) = 31*x - 58*x + 4*x**2 + 37*x - 2*x**2 - 5. Give m(-5).
-5
Let n(p) = -6*p - 6*p - 203 + 202 + 13*p. Suppose 2*k - 10 - 12 = 0. Suppose 2*s - k = -3. Calculate n(s).
3
Let u(p) be the third derivative of p**4/6 - p**3/6 - 2*p**2. Let v(a) = -a + 7. Let c(x) = 7*x - 6. Let h be c(2). Let n be v(h). What is u(n)?
-5
Let t(a) = 11*a + 1079180 + 5*a - 1079193. Determine t(7).
99
Suppose 2*r = -3*b + 26, -3*r = -2 - 1. Let o(x) = 4 - 3*x**2 - 3*x + b*x**2 - 1088*x**3 + 1087*x**3. Suppose 5*v = -13*v + 72. Determine o(v).
8
Let m(s) = 1 + 6440*s**2 - 3223*s**2 - 3218*s**2 - 2*s. Suppose -2*f - 3*f = -15. Suppose v = f*q + 10, v = 5*v - 4*q - 16. What is m(v)?
-2
Let h(l) = -25*l**2 - l + 1. Let u(c) = -143*c**2 - 9*c + 7. Let b(k) = -6*h(k) + u(k). Let y = -18 - -19. What is b(y)?
5
Let a(t) = -2*t - 5. Let v(r) = -1. Let p(x) = -x. Let s(z) = p(z) + 4*v(z). Let m(d) = -2*a(d) + 5*s(d). Let c(l) = -l**2 + 4. Let b be c(3). What is m(b)?
-5
Let g(x) = x**3 + 9*x**2 + 9*x + 8. Let y be g(-8). Suppose -18 = -s - 5*k, -2*s - 15 = -3*s - 4*k. Let w(d) = 7*d - 6 - 15*d + 9*d + s + d**2. What is w(y)?
-3
Let f be 12 - (12 + -14)*5. Let h(w) = w - 15. Calculate h(f).
7
Let s(b) = 53*b**2 + 8*b + 30. Let u(i) = 121*i**2 + 19*i + 70. Let r(a) = -16*s(a) + 7*u(a). Suppose 4*p - 5*c - 52 = 0, -5*c = 5*p - 15 - 5. Calculate r(p).
-14
Let j(u) = 2*u**3 + 8*u**2 - u - 1. Let z be j(-4). Suppose -4*m + 1 = -x, x - 18 = -4*x - z*m. Let c(w) = -5*w + w - 2*w + x*w + 1. Calculate c(-1).
4
Let y(r) be the first derivative of r**4/24 - 13*r**3/6 - 3*r**2/2 + 6*r + 52. Let u(t) be the second derivative of y(t). Calculate u(11).
-2
Let h(x) be the third derivative of x**4/4 - x**3/2 - 2*x**2 - 3939*x + 1. Determine h(8).
45
Let v(p) = -3 - 7*p - 5 - p**2 - 2*p. Let c = -566 - -875. Let i = c + -316. Calculate v(i).
6
Let o(z) = -52*z - 1. Let r be o(-1). Suppose 8 = 43*a + r. Let l(b) = 2*b. Calculate l(a).
-2
Let x(m) = m**2 - 8*m + 3. Let r(c) = 12*c**2 + 435*c + 116. Let o be r(-36). Give x(o).
3
Let b(t) = -t**2 - 2*t + 7. Let q be b(-5). Let d(z) = 283715 - 2*z**2 - 5*z**2 - z**3 - 283719 + 7*z. Give d(q).
4
Let t(k) = 3*k + 2*k**2 + 264 - 275 + 8*k + 7*k + 2*k. Calculate t(-11).
11
Let t(w) = -123*w**2 - 145*w - 770. Let o(j) = 16*j**2 + 19*j + 101. Let a(f) = -61*o(f) - 8*t(f). Let v = 2 - 0. Suppose 3 = 5*s - v. Determine a(s).
8
Let h = 255 + -251. Let k(y) = 11*y - 4*y - h - 174*y**2 + 172*y**2 - 2. What is k(4)?
-10
Suppose -31*g = 38*g - 552. Let j(i) = -i**3 + 8*i**2 + 3*i - 4. Calculate j(g).
20
Let c(p) = p**3 + 3*p**2 - 2*p - 4. Suppose 10*q = 11 + 9. Suppose 2*l = -q*j, 5 = 5*l - 10. Calculate c(j).
2
Let w(y) = 2 + 4*y**3 - 4*y - 2*y**3 - 5*y**3 + 3*y**2. Let t be 35/84*28*(-3)/(-5) - 5. What is w(t)?
-18
Let i(z) = z**2 - 2*z + 2. Let d be (-10)/((-16)/(-6)*(-16)/(-64)). Let l be (10/d)/((-24)/(-9) + -3). What is i(l)?
2
Let p(m) = 2*m**2 + 12*m - 7. Let c(d) = d**2 + d - 1. Let a(o) = -c(o) + p(o). Suppose -29*b + 15*b - 2*t = 176, -b - 4*t - 55 = 0. Give a(b).
-6
Let y(t) = -91*t**2 + 179*t**2 - 87*t**2 + 9*t - 3. Let x(b) = -2*b**2 - 3*b + 5. Let l be x(-3). What is y(l)?
-23
Suppose 0 = -20*s + 37*s - 187. Let a(h) = 3*h - 25. Determine a(s).
8
Let d(r) be the second derivative of r**3/2 - 7*r. Suppose -95*s + 94*s + 1 = 0. Give d(s).
3
Let n(y) = -35 - 40 + y + 74. Let m(k) = -k**2 - 8*k - 1. Let t(b) = -m(b) - 3*n(b). What is t(-4)?
0
Let v = -8 + 1. Let b(y) be the second derivative of -y**5/20 - y**4/2 + y**3 - 4*y + 58. Determine b(v).
7
Let b(c) = -c**2 - 3*c - 12. Let k(o) = -7*o**2 - 40*o - 95. Let x(p) = -9*b(p) + k(p). What is x(6)?
7
Let u(r) = 9*r**2 + r + 8. Let t(g) = -4*g**2 - g - 4. Let n(v) = 7*t(v) + 3*u(v). Determine n(-5).
-9
Let a(s) = 3*s**2 + 107*s + 24. Let g be a(-36). Let t(h) = g*h**2 + 6*h + 4 - 54*h**2 - h**3 - 4*h. Calculate t(5).
39
Let g(t) be the third derivative of -t**4/6 + 17*t**3/2 + 3*t**2 - 451. Calculate g(6).
27
Let l(d) = d**2 + 1. Let y(p) = 61*p + 15. Let r(j) = 3*l(j) + y(j). Suppose 2*f = z - 45, 16 + 4 = 4*z. Let i be r(f). Let w(b) = -6*b - 2. Give w(i).
10
Let f(t) = 254 - 539 - t**2 + 10*t + 291. Suppose 2*w = 5*w - 30. Calculate f(w).
6
Let p(h) = -2*h**2 - h + 1. Suppose -30*i + 504 = -28*i. Let t = i - 249. Give p(t).
-20
Let m(i) = -2*i**3 + 18*i**2 - 10*i + 25. Let d(y) = -y**3 + 9*y**2 - 4*y + 12. Let o(k) = 5*d(k) - 3*m(k). What is o(9)?
75
Let m be (-577)/(-5) - 159/(-265). Suppose 114*g - 16 = m*g. Let q(x) = 3*x + 12. Determine q(g).
-12
Let n(z) = 2*z + 47. Let c = 1367 - 1367. Give n(c).
47
Let w = -17 - -18. Let u(p) = 38*p - 6. Let m(k) = 13*k - 2. Let y(h) = 17*m(h) - 6*u(h). Determine y(w).
-5
Let q(g) be the second derivative of g**5/60 + 7*g**4/24 - g**3/2 + 59*g**2 - 60*g. Let z(k) be the first derivative of q(k). Determine z(-7).
-3
Let v(p) = -2*p - 15. Let w be v(4). Let o = -20 - w. Let q(l) = 2*l**2 + l - 3*l**2 - l**o + 5*l**2 - 1 - 2. Determine q(4).
1
Let f(x) = x - 8. Let p = -458 + 25. Let l = -424 - p. Calculate f(l).
1
Let h(l) = -5*l. Let n(z) = -5*z. Let f(r) = r - 2 + 1 + 3*r**2 - 3*r. Let b be f(-1). Let d(a) = b*n(a) - 5*h(a). Determine d(-2).
-10
Let h(n) = -n**3 + 4*n**2 + 3*n. Let l be (-1*33/1)/(1 + 0). Let i = -22 - l. Suppose -3*q + 37 - 13 = 3*j, 0 = 2*j + q - i. What is h(j)?
18
Let q(w) = 3*w**2 + 6. Let d be (-10)/(-95) + 1711/(-551). Give q(d).
33
Let b(l) = -l**3 + 13*l**2 - 13*l + 11. Let m(n) = -41 + 8 + 7*n - 7*n**2 + 12 + 15. Let r(s) = 6*b(s) + 11*m(s). What is r(1)?
-6
Let o(f) be the third derivative of 7*f**5/30 + f**3/3 - 3*f**2 + 84*f. What is o(-1)?
16
Let j(u) = 4*u**2 + 34*u - 76. Let k(y) = -y**2 - 3*y + 1. Let w(d) = j(d) + 5*k(d). Give w(11).
17
Let r be (4/(-10))/((-5)/25). Let a(i) = 2 + 5 - r*i**2 - 12 + 3*i**2 + 3. Give a(0).
-2
Let m = 8874 - 8880. Let x(v) = -21*v - 27. Give x(m).
99
Let k(c) = 6*c**3 + 5*c**2 - 30*c + 184. Let r(h) = -h**3 - h**2 + 5*h - 28. Let y(t) = -2*k(t) - 13*r(t). What is y(-3)?
11
Let i(d) be the third derivative of -d**5/60 - 7*d**4/24 + 28*d**3/3 + 8*d**2 - d. Let l(x) be the first derivative of i(x). Calculate l(-5).
3
Suppose -93*s + 501 + 214 = -29. Let d(y) = 2*y**3 - 15*y**2 - 11*y + 8. Calculate d(s).
-16
Let q(p) be the third derivative of -p**4/4 + 1796*p**2. Give q(-2).
12
Let j = -56 - -105. Let f be (-42)/j*7*1. Let k(z) = -197 + 8*z**3 - 9*z**3 - 2*z**3 + 7*z + 199 + 4*z**3 + 7*z**2. Calculate k(f).
-4
Let p(k) be the second derivative of 5*k**3/3 - 503*k**2/2 + 4*k + 512. What is p(49)?
-13
Let b(g) = -105*g**2 + 328*g + 56. Let f(t) = 53*t**2 - 165*t - 23. Let p(y) = -3*b(y) - 7*f(y). Calculate p(3).
2
Let y(j) = -445*j**2 - 1 + 2*j + 922*j**2 - 450*j**2. Calculate y(1).
28
Let p(u) = u**2 - 10*u + 20. Let g(c) = -c**3 - 6*c**2 - 10*c - 5. Let y be g(-4). Suppose -y*i - x - 8 = -34, -4*i - 5*x + 53 = 0. Determine p(i).
-1
Let c(d) = -d**2 + d + 1. Suppose -3*q + 18 = -27. Suppose -q + 40 = 5*j. Suppose -2*m + 14 = j*m. Give c(m).
-1
Let u = 178 - -1. Let k = -185 + u. Let q(g) = g**3 + 8*g**2 + 6*g - 8. Calculate q(k).
28
Let w(r) = -15*r - 30. Let t be w(-3). Suppose -14*a - 27 - t = 0. Let z(b) = b + 4. Calculate z(a).
1
Let f(q) be the third derivative of 1/12*q**4 - 1/120*q**6 - 1/6*q**3 + 1/30*q**5 + 0 - 28*q**2 + 0*q. Calculate f(2).
3
Suppose -117*z = 5*q - 118*z - 65, -4*q = -4*z - 36. Let u(c) = -c**3 + 12*c**2 + 33*c - 6. Calculate u(q).
64
Let u(i) be the first derivative of 2*i**3/3 + 7*i**2/2 - i + 166. Give u(-4).
3
Let d(z) = -5*z**3 + 5*z**2 - 11. Let r(n) = -6*n**3 + 5*n**2 - n - 12. Let b(c) = 5*d(c) - 4*r(c). Let f be ((-38)/5 - -8)/(-4*(-1)/60). Calculate b(f).
-19
Let b(a) = 9*a**2 - 3*a - 3. Let c = 62 + -65. Let o(r) = 5*r**2 - 2*r - 2. Let s(j) = c*b(j) + 5*o(j). Determine s(2).
-11
Let q(i) be the first derivative of -3*i**2/2 + 8*i - 451. Give q(5).
-7
Let o be 5/(95/(-494)) + 34. Let l(h) = -7*h - 5. Let t(x) = -3*x - 3. Let j(d) = 4*l(d)